ose -7*t = -9*t - 186. Let g = t + 138. What is the tens digit of g?
4
Let r = 7 + -3. Suppose 4*l - 48 = -3*w, -w - 2*w + 60 = 5*l. Suppose -l = -7*o + r*o. What is the units digit of o?
4
Suppose -5*q = -2*q - 147. Suppose -j - 2*p = -q, -141 = -3*j + 3*p + 33. Let s = j + -19. What is the tens digit of s?
3
Let h(l) = -l**2 + 13*l - 10. Let w be h(12). Suppose 5*p + 6 = -2*i, -6 = -0*p + w*p + 2*i. Suppose p = -13*v + 10*v + 93. What is the tens digit of v?
3
Suppose 4 = 2*u, 54 = 4*v - 3*v + u. Suppose -4*h + 288 = 2*z, -h + 10 + v = 3*z. What is the units digit of h?
4
Let l(n) = -1114*n - 35. What is the hundreds digit of l(-4)?
4
Suppose 2*o = -3*p + 7135, -5*p + 16*o + 11897 = 14*o. What is the thousands digit of p?
2
Let m = 10 - 11. Let g(j) = 55*j**2. Let r be g(m). Suppose x - r = -0. What is the tens digit of x?
5
Let d be -1 - (-11 + 6 + -3). Let i(g) = -2*g - d + 3*g + g. What is the units digit of i(8)?
9
Let r(o) = -o**3 + o. Let i(w) = -5*w**3 + 4*w**2 + 4*w - 4. Let x(n) = -i(n) + 6*r(n). Let c be x(-4). What is the units digit of c/(-2) - (-6 + -11)?
9
Let a = -4004 - -7390. What is the tens digit of a?
8
Suppose -g = 2*g + 9, 0 = a - 2*g - 983. What is the units digit of a?
7
Suppose 0 = -l + 2*r + 764, 0 = 5*l - 9*l - 4*r + 3092. What is the hundreds digit of l?
7
Let d(w) = -33*w + 299. What is the units digit of d(-8)?
3
Let g be -3 + 1*-9 + 1. Let p = g + 5. Let m(a) = -3*a + 2. What is the tens digit of m(p)?
2
Let c(m) = m**3 - 9*m**2 + 44*m - 23. What is the units digit of c(12)?
7
Suppose i + 923 = 2*d, -5*d + 10*d + 5*i = 2330. What is the hundreds digit of d?
4
Let i(z) = 7*z - 18. Let q = -22 - -30. What is the units digit of i(q)?
8
Suppose 3*k - 7*k + 900 = 0. Suppose 6*s = 33 + k. What is the units digit of s?
3
Let t = 12 - 6. Let r = 20 - t. What is the tens digit of r?
1
Suppose -3*f = -4*d - 50 + 503, 0 = 2*f - 4*d + 298. Let u = 222 + f. What is the tens digit of u?
6
Suppose 3*g - 49 = 98. Suppose 10*w = 3*w + g. What is the units digit of w?
7
Let k(t) be the second derivative of -t**3/3 - 3*t**2/2 - 4*t. Let c be k(-10). Suppose h - c = -0*h. What is the units digit of h?
7
Let i = 82 - -739. What is the hundreds digit of i?
8
Let a = -9 - -14. Suppose 0 = 2*k - a + 1. Suppose 0*l = k*l - 80. What is the units digit of l?
0
Suppose 4752 = -5*i + 20317. What is the units digit of i?
3
Suppose -2*o + 680 = -2*g, -8*g - 343 = -o - 10*g. What is the tens digit of o?
4
Let i be ((-1)/3)/(1/(-6)). Suppose o = -317 + 321. Suppose 2*k = 3*s + o, -k - i*s = s - 11. What is the units digit of k?
5
Let p be 96/21 + (-3)/(-7). Suppose c = 4*z + 15, 2*c - p*z = -2*z + 30. What is the tens digit of c?
1
Suppose 2*l - 5*h = -l - 21, 0 = -3*l - 4*h + 6. Let c(t) = -28*t + 16. Let q(r) = -42*r + 25. Let b(o) = 8*c(o) - 5*q(o). What is the tens digit of b(l)?
3
Suppose -5*t - 2*q = -95, 5*t - q - 80 = -0*q. Let n = t - -91. What is the hundreds digit of n?
1
What is the hundreds digit of ((-36)/45)/((-4)/4130) + 5?
8
Let i(v) = -v**3 + v**2 + v + 3. Let c be i(0). Let j(t) = 4*t + 132. Let k be j(-32). Let z = k - c. What is the units digit of z?
1
Suppose 92 = 4*i - 3*a, -36 = 4*i - 4*a - 124. Let q = 9 + -20. Let f = i + q. What is the units digit of f?
5
Let v(q) = -11*q + 18. Let z(f) = 7*f + 11. Let b be z(-3). What is the hundreds digit of v(b)?
1
Let d = 107 - 51. Let y = 16 + d. What is the units digit of y?
2
Let o(f) = 0*f**2 + 0*f + 78 + 0*f + 3*f - f**2. What is the units digit of o(0)?
8
Let t = -1464 + 2561. What is the thousands digit of t?
1
Suppose 5*k = -k - 6. What is the tens digit of ((k - -3) + -3)*-83?
8
Let k(d) be the first derivative of d**4/4 + 3*d**3/2 - d**2 - 3. Let c(x) be the second derivative of k(x). What is the tens digit of c(6)?
4
Suppose 4*z = -5*f + 41, -z + 5*f - 2 + 31 = 0. Let s = -12 + z. Let c = s - -4. What is the units digit of c?
6
Suppose -2*o = -63 - 7. Suppose -15 = -q - 2*l, -4*q + o = 8*l - 5*l. Suppose -147 = -q*f - 32. What is the tens digit of f?
2
Suppose 5*j - 13 + 3 = 0. Suppose 2*m = j*c - 0*c - 12, c - 8 = 3*m. What is the units digit of (42/(-70))/(m/15)?
9
Let o(w) = 2*w**3 - 9*w**2 + 5*w + 2. Suppose 2*u = -5*d + 3, 5*u + 3*d + 1 = 18. What is the units digit of o(u)?
6
Let r be 3/(6/130) - 1*-3. Suppose r = 5*c - 4*c. What is the tens digit of c?
6
Suppose -172*u - 11456 = -188*u. What is the hundreds digit of u?
7
Let m(c) = -2*c - 6. Let k be m(14). What is the units digit of 3 + (2 - k - 2)?
7
Suppose 4*l - 181 = 183. Let c = l - 31. What is the tens digit of c?
6
Let z(y) = 6*y**3 + 2*y - 1. Suppose -2*g = -3 + 5. Let d be 1*(3/g - -4). What is the units digit of z(d)?
7
Let u be 6 + (6/4)/((-9)/18). Suppose 0 = -4*m + t + 436, -50 = -m + u*t + 59. What is the tens digit of m?
0
Let l be (-2)/(-7) - (-248)/28*9. Let t = l - 12. What is the tens digit of t?
6
Let j be (2 + -3)/(2/(-10)). Suppose 0 = j*s - 6*u + 2*u - 322, -130 = -2*s + u. What is the units digit of s?
6
Let d(v) = 1. Let t(j) = -2. Let x(r) = 3*d(r) + t(r). Let k(c) = -3*c + 2. Let l(h) = -3*k(h) + 6*x(h). What is the units digit of l(1)?
9
Suppose h - v = 18, 40 = 3*h - 4*v - 10. Suppose -3*d - 4*a = h, -3*d + 3*a = -d - 8. Let n(p) = -29*p + 2. What is the units digit of n(d)?
0
Suppose -10 = -5*q - 0. Suppose -h + 582 = q*h. What is the units digit of h?
4
Let p(j) = j**2 - 2*j + 2. Let y be p(4). Let h be (-1288)/y - (-48)/60. Let a = -87 - h. What is the tens digit of a?
4
Suppose 5*s - 3*y + 53 = 0, 18 + 37 = -3*s - 4*y. Let h = s - -15. Suppose -4*k + h*x + 122 = 5*x, 4*k + 5*x = 118. What is the units digit of k?
2
Suppose 2*w = -2*f + 2336, -11*f + 1152 = -10*f + 5*w. What is the thousands digit of f?
1
What is the hundreds digit of 5*(-102452)/(-315) - (-8)/(-36)?
6
What is the units digit of 2/44*-2 - 10926/(-33)?
1
Let i(k) = -52*k - 26. Let q be i(-8). Let v = q + -130. What is the units digit of v?
0
Suppose -50910 = -117*v + 291432. What is the thousands digit of v?
2
Let p = -151 - -263. Suppose 263 + p = 5*s. What is the tens digit of s?
7
Let s(u) = -u**3 - 6*u**2 - u - 5. Suppose 5*f - 22 = 2*z - 0*f, -2*f = 2*z + 8. Let o be s(z). What is the units digit of ((-13 + 0)*o)/(-1)?
3
Let l be (-30)/4*(-20)/(-25). Let i(u) = u**2 + 13 + 3*u + 3*u + 2. What is the units digit of i(l)?
5
Let b = -5 + 8. Let s(g) = g**2 - g - 4. Let y be s(b). Suppose y*j = -2*z + 52, 0 = -2*z + j - 0*j + 46. What is the tens digit of z?
2
Let j(p) = 9*p**2 + p - 16. What is the units digit of j(11)?
4
Let x(g) be the second derivative of 7*g**5/10 - g**4/6 + g**3/6 + 12*g. Let l(i) = i**3 - 6*i**2 - 8*i + 8. Let f be l(7). What is the units digit of x(f)?
3
Let l = 616 - 185. What is the hundreds digit of l?
4
Suppose 11*b + 2 = 13*b. Let n be 0 - -1 - -2 - b. Suppose -5*g - 2*o + 198 = -27, -n*g + 5*o + 61 = 0. What is the units digit of g?
3
Suppose 4*j = 232 + 500. Let y = j - 99. Let b = y + -54. What is the tens digit of b?
3
Let f = 2849 + -1678. What is the thousands digit of f?
1
Suppose 2*w + 3*w - 4195 = -5*r, -w - 2*r + 838 = 0. Suppose -8*i + 3*i + w = 0. What is the tens digit of i?
6
Let l = -3300 - -5348. What is the tens digit of l?
4
Suppose 0 = -5*z + 4*f + 4718, 8*f - 10*f + 938 = z. What is the units digit of z?
2
Suppose -2*h + 1232 = -3576. What is the tens digit of h?
0
Suppose -14*c - 53 = 115. Let z(p) = -1 - 4*p - 9*p - 1 - p**2. What is the units digit of z(c)?
0
Let n be (-13)/(-26) + (-7)/(-2). Let q be (400/60)/(n/6). Suppose -3*s + q = -83. What is the units digit of s?
1
Let p(t) be the third derivative of t**5/30 - t**4/24 + 2*t**3/3 - 4*t**2. Let a be p(-5). Let i = -38 + a. What is the units digit of i?
1
Suppose 5*p - 15 = -0*p. Suppose 15 = p*a, -u - 2*u = a - 20. Suppose -21 - 169 = -u*q. What is the units digit of q?
8
Suppose -5 + 3 = -2*w. Suppose -3 = t - w. What is the units digit of (-1 - -4) + (-1 - t)?
4
Let q = 15 - 7. Let y(k) = 8*k - 34. What is the units digit of y(q)?
0
Suppose -3*w + 0*w + 9 = 0. Suppose 4*l - 17 = -y, 3*l - 8 - w = y. What is the units digit of l?
4
Suppose 2*d + 269 = 5*w - 0*d, 2*d = -4. Suppose -2*j - w = -q + 2*j, -3*q + 4*j + 175 = 0. What is the units digit of q?
1
What is the units digit of ((-2)/4)/((-4)/32) +